 is the units digit of 678368?
8
What is the thousands digit of 84823?
4
What is the ten thousands digit of 753080?
5
What is the thousands digit of 977676?
7
What is the thousands digit of 400943?
0
What is the thousands digit of 154160?
4
What is the ten thousands digit of 41314?
4
What is the ten thousands digit of 1298834?
9
What is the units digit of 8515809?
9
What is the hundreds digit of 947234?
2
What is the hundreds digit of 91576?
5
What is the thousands digit of 6298187?
8
What is the hundred thousands digit of 1032086?
0
What is the hundreds digit of 98269?
2
What is the units digit of 948399?
9
What is the tens digit of 15841436?
3
What is the hundred thousands digit of 8184126?
1
What is the units digit of 1026949?
9
What is the thousands digit of 9106210?
6
What is the millions digit of 3695442?
3
What is the tens digit of 1667442?
4
What is the thousands digit of 164943?
4
What is the hundreds digit of 333396?
3
What is the thousands digit of 5159095?
9
What is the ten thousands digit of 752329?
5
What is the units digit of 417597?
7
What is the ten thousands digit of 1953690?
5
What is the thousands digit of 316589?
6
What is the thousands digit of 1505586?
5
What is the tens digit of 911384?
8
What is the millions digit of 1198075?
1
What is the units digit of 103916?
6
What is the ten thousands digit of 2387816?
8
What is the hundreds digit of 1086601?
6
What is the hundreds digit of 1310609?
6
What is the tens digit of 20577509?
0
What is the hundreds digit of 2205712?
7
What is the units digit of 968130?
0
What is the millions digit of 1736170?
1
What is the hundred thousands digit of 15005426?
0
What is the hundreds digit of 22209592?
5
What is the thousands digit of 142642?
2
What is the tens digit of 112637?
3
What is the hundreds digit of 18057?
0
What is the units digit of 501319?
9
What is the ten thousands digit of 5184401?
8
What is the thousands digit of 3531707?
1
What is the thousands digit of 243153?
3
What is the millions digit of 39959546?
9
What is the ten thousands digit of 188553?
8
What is the hundred thousands digit of 717767?
7
What is the thousands digit of 12842382?
2
What is the thousands digit of 11547?
1
What is the units digit of 3323756?
6
What is the units digit of 4589988?
8
What is the tens digit of 12312462?
6
What is the units digit of 231322?
2
What is the hundred thousands digit of 13831771?
8
What is the tens digit of 5190464?
6
What is the thousands digit of 229784?
9
What is the millions digit of 2589125?
2
What is the millions digit of 4145888?
4
What is the ten millions digit of 15049755?
1
What is the units digit of 302034?
4
What is the hundred thousands digit of 105284?
1
What is the thousands digit of 3008869?
8
What is the hundred thousands digit of 2790243?
7
What is the thousands digit of 1532276?
2
What is the ten thousands digit of 3762415?
6
What is the ten thousands digit of 292637?
9
What is the thousands digit of 7893916?
3
What is the units digit of 533269?
9
What is the thousands digit of 892628?
2
What is the tens digit of 91437?
3
What is the thousands digit of 4089518?
9
What is the hundreds digit of 116027?
0
What is the tens digit of 1565601?
0
What is the ten millions digit of 11052544?
1
What is the ten thousands digit of 243700?
4
What is the millions digit of 1720734?
1
What is the tens digit of 1950743?
4
What is the tens digit of 1196837?
3
What is the thousands digit of 5970348?
0
What is the hundred thousands digit of 25592020?
5
What is the ten thousands digit of 288643?
8
What is the tens digit of 20284821?
2
What is the ten thousands digit of 397645?
9
What is the tens digit of 1769363?
6
What is the ten thousands digit of 787778?
8
What is the units digit of 1996097?
7
What is the tens digit of 5727319?
1
What is the hundreds digit of 1713463?
4
What is the units digit of 1872478?
8
What is the hundreds digit of 3758113?
1
What is the hundred thousands digit of 6382935?
3
What is the ten thousands digit of 141618?
4
What is the millions digit of 2082071?
2
What is the thousands digit of 51246?
1
What is the thousands digit of 165729?
5
What is the ten thousands digit of 52966?
5
What is the millions digit of 4761200?
4
What is the hundreds digit of 1163855?
8
What is the hundred thousands digit of 154627?
1
What is the units digit of 280486?
6
What is the hundred thousands digit of 1152033?
1
What is the hundreds digit of 121336?
3
What is the tens digit of 12473671?
7
What is the thousands digit of 2949239?
9
What is the units digit of 41746?
6
What is the units digit of 10098?
8
What is the units digit of 552744?
4
What is the thousands digit of 18000065?
0
What is the tens digit of 71849?
4
What is the ten thousands digit of 20849621?
4
What is the tens digit of 1788358?
5
What is the thousands digit of 242231?
2
What is the hundred thousands digit of 4733307?
7
What is the millions digit of 1025041?
1
What is the tens digit of 3424802?
0
What is the tens digit of 1908646?
4
What is the ten millions digit of 13715967?
1
What is the units digit of 11658535?
5
What is the units digit of 53644?
4
What is the millions digit of 16625346?
6
What is the units digit of 932979?
9
What is the thousands digit of 1889324?
9
What is the ten millions digit of 23615091?
2
What is the ten thousands digit of 3694432?
9
What is the hundred thousands digit of 5393763?
3
What is the hundreds digit of 3058099?
0
What is the tens digit of 1122798?
9
What is the millions digit of 2889130?
2
What is the tens digit of 101607?
0
What is the millions digit of 2187998?
2
What is the millions digit of 4609060?
4
What is the millions digit of 2832218?
2
What is the thousands digit of 1577367?
7
What is the units digit of 338959?
9
What is the tens digit of 1217831?
3
What is the units digit of 326780?
0
What is the hundreds digit of 80169?
1
What is the hundreds digit of 727772?
7
What is the hundred thousands digit of 310229?
3
What is the millions digit of 2508099?
2
What is the hundred thousands digit of 1068778?
0
What is the hundreds digit of 20262177?
1
What is the hundreds digit of 744516?
5
What is the hundred thousands digit of 567294?
5
What is the hundred thousands digit of 129620?
1
What is the hundred thousands digit of 1588165?
5
What is the thousands digit of 19927261?
7
What is the tens digit of 21508219?
1
What is the thousands digit of 596021?
6
What is the hundred thousands digit of 2273688?
2
What is the thousands digit of 9191368?
1
What is the hundred thousands digit of 159228?
1
What is the hundreds digit of 2771537?
5
What is the units digit of 281816?
6
What is the units digit of 9350773?
3
What is the hundred thousands digit of 318839?
3
What is the hundred thousands digit of 185150?
1
What is the hundreds digit of 92578?
5
What is the hundred thousands digit of 11042106?
0
What is the millions digit of 1897368?
1
What is the hundred thousands digit of 432616?
4
What is the ten thousands digit of 74538?
7
What is the tens digit of 29258908?
0
What is the hundred thousands digit of 28642233?
6
What is the tens digit of 9657967?
6
What is the hundreds digit of 2669334?
3
What is the units digit of 548354?
4
What is the hundred thousands digit of 124168?
1
What is the ten thousands digit of 1231688?
3
What is the hundred thousands digit of 223706?
2
What is the thousands digit of 5914167?
4
What is the millions digit of 1528954?
1
What is the thousands digit of 3193427?
3
What is the thousands digit of 506341?
6
What is the ten thousands digit of 960755?
6
What is the ten thousands digit of 3572657?
7
What is the millions digit of 1010411?
1
What is the hundreds digit of 120820?
8
What is the thousands digit of 1078122?
8
What is the ten millions digit of 34503434?
3
What is the units digit of 10402134?
4
What is the units digit of 4385964?
4
What is the hundreds digit of 751199?
1
What is the units digit of 642091?
1
What is the hundreds digit of 6426396?
3
What is the ten thousands digit of 192219?
9
What is the hundreds digit of 8712568?
5
What is the tens digit of 80848?
4
What is the ten thousands digit of 383534?
8
What is the ten thousands digit of 756044?
5
What is the hundreds digit of 1631641?
6
What is the hundreds digit of 796021?
0
What i